 be the third derivative of -a**6/120 + a**5/60 + a**4/12 + a**3/6 - 23*a**2 + 3*a. Determine t(o).
1
Let k(b) = 2*b + b**3 - b - 14 + 0*b**3 - 2*b**3. What is k(0)?
-14
Let s(l) = -l + 6 + 2 - 9. What is s(5)?
-6
Let f(a) = a**2 - 2*a + 1. Let i(l) = 3*l**2 - 7*l + 4. Let m(z) = -8*f(z) + 3*i(z). Determine m(4).
0
Suppose p - b = 7, 28 = -5*b + 8. Let f be (p/9)/(2/12). Let j(g) = -2*g**3 + 4*g**2 - g - 2. Calculate j(f).
-4
Let v(o) = -2*o. Let q be v(2). Let w(k) be the first derivative of k**3/3 + 5*k**2/2 - k + 1. Calculate w(q).
-5
Let o(z) be the second derivative of z**3/3 - 5*z**2/2 - 23*z. Calculate o(-7).
-19
Let h(i) = 10*i**2 - i + 1. Let q be (-1 + 4/3)*(11 + -8). Calculate h(q).
10
Let a be (25/(-15))/((-25)/45). Let q(r) be the first derivative of 4/3*r**3 - 4*r - a + 1/4*r**4 - 7/2*r**2. Determine q(-5).
6
Suppose -19 = 4*q - 3. Let s(m) = m**2 + 4*m + 6. What is s(q)?
6
Let h(n) = n + 2. Suppose 5*z = 14 + 11. Calculate h(z).
7
Let j(r) be the first derivative of -r**3/3 - r**2 + 14. Suppose -16 = -b + 4*c, -b + 3*b + 3 = c. Give j(b).
-8
Let k be (-2)/3 + (-1)/3. Let t(z) = z + 1. Let a(u) = u + 4. Let o(s) = s. Let i(b) = a(b) + o(b). Let g(f) = -2*i(f) + 7*t(f). Calculate g(k).
-4
Suppose 4*f = -5*r - 2 + 19, f - 23 = -5*r. Let m(b) = -b**2 + 4*b + 2. Let l be m(4). Let k(a) = 2 + 0 + 4*a**2 - 2*a**l + 3*a. What is k(f)?
4
Let s(t) = 4 + 2*t + 0*t - 21 + 10. What is s(5)?
3
Let n(a) = -a**2 + 13*a - 5. Let b be n(12). Let o(l) = -l - 1. What is o(b)?
-8
Let v(x) = -6*x**3 - 2*x**2 + 11*x. Let c(z) = 7*z**3 + 3*z**2 - 12*z - 1. Let p(h) = 5*c(h) + 6*v(h). Give p(4).
3
Let v(f) = 4*f. Suppose -3*l + 6*l = 27. Let t = 10 - l. Determine v(t).
4
Let t be (-4)/(-10) - (-128)/80. Let m(a) = -2 - a + 2 - t + 0. Give m(-3).
1
Let h(k) be the first derivative of 2 - 1/3*k**3 - 1/2*k**2 + k. What is h(-3)?
-5
Let k(t) = t. Let o(d) = 4*d + 1. Let y(c) = 9*k(c) - 2*o(c). Let f = 0 + 4. What is y(f)?
2
Suppose -11 - 19 = -5*o. Let m be (-4 - 0) + o + -5. Let r(u) = 2*u + 4. Give r(m).
-2
Let k = 1 + -3. Let x(y) = y - 2. Let d be x(k). Let s(m) be the third derivative of m**5/60 + 5*m**4/24 + 2*m**3/3 - 3*m**2. Give s(d).
0
Suppose -22*c - 1 = -23*c. Let d(x) = -21*x**3 - x**2 + 1. What is d(c)?
-21
Let s(h) = -4*h - 1. Suppose -5*j - 1 = 3*t, t + 4 = j + 3*t. Let o(k) = k**2 + 4*k - 2. Let y be o(-4). Let w be -2 - 0 - j - y. Give s(w).
-9
Let s(c) = c + 10. Suppose -2*n = 4*w - n + 32, 2*w + 3*n + 26 = 0. Let f be s(w). Suppose 5*g = -0*t + 3*t, 0 = 5*t - f*g. Let b(v) = v - 4. Calculate b(t).
-4
Let n(w) = 6*w**3 - 5*w**2 + 4*w - 13. Let c(b) = b + 7. Let x be c(-6). Let p(g) = g**3 - g**2 + g - 1. Let f(z) = x*n(z) - 5*p(z). Determine f(0).
-8
Let f(q) = 3*q**2 - 6*q + 5. Let h(w) = 14*w + 14 - 31*w + 2*w**2 + 8*w**2. Let x(s) = 17*f(s) - 6*h(s). What is x(1)?
-8
Let s(l) = l**3 + 3*l**2 + l + 4. Let d(n) = -2*n + n**3 - 6 + 7*n**2 - 3*n**2 + 3*n - 7*n. Let u be d(-5). Let v be ((-5)/10)/(u/(-6)). Give s(v).
1
Let l(p) = 4*p**2 - 9*p - 15. Let y(o) = 2*o**2 - 5*o - 8. Let j(v) = 4*l(v) - 7*y(v). Let n(z) be the first derivative of j(z). What is n(1)?
3
Let f be 1/5 - 16/5. Let j = f - 1. Let r = j + 4. Let q(s) = s**3 - s**2 - 5. Calculate q(r).
-5
Let f(p) = -p**3 + 3*p**2 - 2*p + 2. Let b be -3*3/(-9) + -1. Let v be 2 - (-3)/(3/(-2)). Suppose -x + v + 3 = b. What is f(x)?
-4
Let h(v) = -v**2 - 5*v - 4. Let g be h(-4). Let c(d) = d**3 - d**2 - d + 6. What is c(g)?
6
Let g = -8 + 5. Let a(h) = -h**3 - 2*h**2 + 4*h + 4. Let w be a(g). Let o(b) = 3*b**2. Calculate o(w).
3
Let l(n) = n - 1. Let f(y) = 6*y**2 + 6*y - 5. Let q(r) = f(r) - 4*l(r). What is q(1)?
7
Let m(z) = 2*z + 4. Let w = 4 - 8. Let i be m(w). Let q(y) = -y**2 - 7*y. Let g(u) = u**2 + 8*u - 1. Let t(l) = 2*g(l) + 3*q(l). Calculate t(i).
2
Let k(o) = o**2 - 6. Let j = -12 - -12. What is k(j)?
-6
Let t = 7 + -4. Let g(k) = t*k - k**3 - 2*k**2 - 2*k - k**2. Suppose 10 = 2*v, 0*r - 4*v + 22 = -r. Determine g(r).
-6
Let t(v) be the second derivative of -v**7/630 - v**6/360 - v**5/120 + v**4/4 - v. Let z(d) be the third derivative of t(d). Calculate z(-1).
-3
Suppose 0 = 2*j + 2 + 2. Let t(r) = r**3 - r**2 - 2*r + 1. Determine t(j).
-7
Let o(u) = 4*u + 3. Let w(b) = -3*b - 5. Let h(p) = 2*o(p) + 3*w(p). Let z be (-183)/27 - (-4)/(-18). Give h(z).
-2
Let c(k) = 5*k**2 - 2*k + 4. Let i(f) = 6*f**2 - 3*f + 5. Let w(o) = 5*c(o) - 4*i(o). What is w(-2)?
0
Let f(s) = -s**3 + 4*s**2 + 3*s - 6. Let v be f(4). Let y(p) = p**2 - 9*p + 6. Calculate y(v).
-12
Let j(o) = o**2 - 3*o + 2. Let h be j(4). Let a(v) be the second derivative of -v**3/6 + 6*v**2 + 12*v. Determine a(h).
6
Let d be 76/(-6)*6/(-4). Let o(u) = 5*u**2 + 20 - 2*u**3 - u**3 - d + u + 4*u**3. What is o(-5)?
-4
Let i(u) = 2*u**2 + 9*u - 7. Let d(s) be the third derivative of s**5/60 + s**4/24 - s**3/6 + 2*s**2. Let g(v) = 3*d(v) - i(v). What is g(4)?
-4
Suppose -3*z - z = -8. Let x(v) = -2 - 3*v + v**z - 3*v + 6*v. Calculate x(-2).
2
Let y(j) = -j**3 - 5*j**2 + 6*j + 2. Suppose 4*c + 5*x = 2*x + 27, 15 = 3*c + 4*x. Suppose -4*m + c + 21 = -3*f, 4*f + 3*m + 15 = 0. Calculate y(f).
2
Let i = -5 - -9. Suppose -i*x - 3*w = -25 - 10, 0 = 3*x - 3*w. Let p(n) = 0*n - 2 - n + 4. Give p(x).
-3
Let t be (-12)/4 - 0/(-2 - -1). Let z(a) = -1. Let h(o) = -o**2 - 3*o - 7. Let n(m) = -h(m) + 3*z(m). Determine n(t).
4
Let k(p) = 3*p**3 - 5*p**2 - 5*p + 5. Let w(q) = -q**3 + 2*q**2 + 2*q - 2. Let t(j) = 4*k(j) + 10*w(j). Let r be t(-1). Let s(y) = -3*y - 1. Determine s(r).
5
Let x(s) = 11*s**3 - 13*s**2 - 8*s - 19. Let t(c) = -5*c**3 + 6*c**2 + 4*c + 9. Let i(b) = 9*t(b) + 4*x(b). Determine i(4).
-11
Let j(l) be the second derivative of l**5/20 - 2*l**4/3 + 7*l**3/6 - 7*l**2/2 + 2*l. Let z be 3/2*(-112)/(-24). Determine j(z).
-7
Let v(r) = -r**2 + 6*r + 4. Suppose -a + 4*c + 23 = 0, a - 4 - 7 = c. Let d be v(a). Let u be 1/(d/18*2). Let i(j) = -3*j - 4. Calculate i(u).
5
Let y = 10 + -6. Let g(h) = h**2 - 6*h**3 - h - y*h + 4*h. Calculate g(1).
-6
Suppose -9*j - 55 + 64 = 0. Let m(a) = a**3 - a**2 - 1. Let y(x) = -x**3 + 5*x**2 - x + 7. Let b(h) = 6*m(h) + y(h). Calculate b(j).
4
Suppose 0 = 3*m - 9, -m + 3*m = -w + 8. Let j(p) be the second derivative of -1/20*p**5 - 1/2*p**3 + 1/2*p**w + p + 1/3*p**4 + 0. Determine j(3).
1
Let w(l) be the first derivative of -l**3/3 + l**2/2 - 8*l + 6. Calculate w(0).
-8
Let y(i) = -i**2 + i + 2. Let m be y(-2). Let t(x) = x**2 + 9*x + 6*x - 12*x. What is t(m)?
4
Let l(m) = -8*m**2 - 2*m - 3 + 3 + 3*m. Let s be (-1)/2*(2 - 4). Determine l(s).
-7
Let f(v) = -2*v + 6*v**2 - 4*v + 4 - 5 - v**3. Suppose -5*m - 4*c = -13 - 8, -2*m + 4*c = -14. Suppose -2*a - 13 = -m*y - 6*a, 2*y - 1 = -3*a. Calculate f(y).
-6
Let s(p) = -p - 1. Let c(g) be the second derivative of g**4/12 + g**3/2 - 7*g**2/2 + 3*g. Let o be c(-5). Determine s(o).
-4
Let v(o) = o**2 + 6*o + 3. Let r be v(-6). Let d(m) = -3*m**2 + 5*m - 5. Let h(k) = k**2 - 2*k + 2. Let s(u) = 2*d(u) + 5*h(u). Give s(r).
-9
Let f(n) = 2*n**3 - 4*n**2 + 11*n + 10. Let w(t) = -2*t**3 + 3*t**2 - 10*t - 9. Let s(g) = -6*f(g) - 7*w(g). Give s(-2).
-9
Let r = -17 + 18. Suppose 6*m - r + 13 = 0. Let p(n) = -5*n - 1. Determine p(m).
9
Let j(h) be the third derivative of -h**6/120 - h**5/60 + h**3/6 + 40*h**2. Let b = 0 - 0. Calculate j(b).
1
Let p = -28 + 26. Let m(w) = -9*w + 1. Determine m(p).
19
Let t(o) = -o**3 + 4*o**2 + 5*o + 3. Let p be t(5). Suppose g + 4*a + 2 = 3*a, -5*a = 3*g + 14. Let j(z) = -4*z**g - 2 - 2 + 5*z**2. Give j(p).
5
Suppose 4*h + 1 = -4*y + 13, 4*h = -2*y + 12. Let g(j) be the second derivative of -1/6*j**3 - 1/20*j**5 - 4*j - 4*j**2 + 0 + 0*j**4. Calculate g(y).
-8
Let u(b) = b**3 - 5*b**2 + 2. Let y = -7 + 9. Let t be y/1 - (3 + -6). Give u(t).
2
Suppose -4*f = 2*u + 4, -f = -5*u + 3*f + 18. Let d(r) = 3*r**2 - 2*r - 2. Give d(u).
6
Let n(x) = -x**2 + 2. Let z(v) = -2*v - 1. Let q be z(-5). Let g = 12 - q. Determine n(g).
-7
Let h be (-4 + 63/15)*-5. Let c(n) = 15*n + 1. Give c(h).
-14
Let v(h) = 2*h + 1. Let s = -156 + 152. Determine v(s).
-7
Let h(d) = -d**2 + 4*d - 4. Let f be h(4). Let v(m) be the third derivative of m**6/120 + m**5/15 + m**4/24 - m**3/3 + 14*m**2. What is v(f)?
-6
Let l(d) = -d**3 + d. Let p be l(0). Let f(j) be 